(2 + -33)).
29
Suppose 66 + 124 = -5*g. Calculate the remainder when g/(-2) - (0 - -3) is divided by 6 - (-6 - (-18)/3)/(-2).
4
Suppose 105 = -t - 2*t - 5*h, -5*h - 45 = t. Calculate the remainder when 34 is divided by (-2*3/t)/(18/1710).
15
Let d = -7 + -18. Let n = 27 + d. Suppose -3*x = 12, -24 = -3*a + n*x + 23. What is the remainder when 23 is divided by a?
10
Let h(b) = 2*b**2 - 251*b + 2638. What is the remainder when h(11) is divided by 16?
7
Suppose -36*u = -12428 - 1125 - 8551. Calculate the remainder when 3070 is divided by u.
0
What is the remainder when -2*(-13 - 8028/8) is divided by 40?
33
Let w(b) = -b**3 - 82*b**2 - 258*b - 300. Calculate the remainder when w(-79) is divided by 35.
29
Suppose 202 = 3*q + 25. Let c = q + -55. Calculate the remainder when (-780)/(-18)*6/c is divided by 14.
9
Let i(c) = -c**2 - 16*c + 39. Let x be i(-18). Suppose 5*h - 24 = x*h. What is the remainder when 167 is divided by h?
11
Suppose 14*f + 864 = 9*f + 23*f. What is the remainder when f is divided by (90/(-12))/(2/(-1 - 3))?
3
Suppose 13*k + 9*k = -22. Let z(s) = 24*s + 43. Calculate the remainder when 46/5*5*2 is divided by z(k).
16
Suppose -1624 = 42*w - 158*w. Calculate the remainder when 1622 is divided by w.
12
Let b(i) = i**2 + 32*i - 232. What is the remainder when 1596 is divided by b(-39)?
38
Let j(i) = i**3 - 6*i**2 - 17*i + 6. Let u be j(8). Suppose -3*y + 38 = -1. Calculate the remainder when y is divided by (1/4)/(0 - u/32).
1
What is the remainder when (18/4)/((2 - 10)/(-1072)) is divided by 66?
9
Let o(y) = y**3 - 10*y**2 + 19*y + 38. What is the remainder when o(11) is divided by (53/3)/((-1)/(-3))?
50
Suppose 0 = -32*r + 34*r - 20. Suppose r*o - 250 - 80 = 0. What is the remainder when o is divided by (-1)/2 + (-18)/12 - -19?
16
Let n(w) = 12*w**2 - 3*w + 4. What is the remainder when n(3) is divided by (5 - 200/30)/((-5)/117)?
25
Let l = 57 + -51. Calculate the remainder when 149 is divided by (-38)/l*(2 - 4)*3.
35
Suppose -5*b + 10882 + 1992 = 2*r, -r + 5*b = -6482. What is the remainder when r is divided by 27?
26
Let o(a) = 2*a**2 + 9*a - 10. Let b be o(11). Suppose -39 = -334*s + b*s. Calculate the remainder when 233 is divided by s.
12
Suppose 0 = f - 14 - 54. Let z = 42452 + -42437. What is the remainder when f is divided by z?
8
Suppose -2*k + 70 = 4*p, 217 = 5*k + 17*p - 14*p. What is the remainder when 5780 is divided by k?
46
Suppose j - 2*j = -21. Let t(h) = h**3 - 5*h**2 - 7*h - 12. Let p be t(7). Let k = p - -3. Calculate the remainder when k is divided by j.
19
Calculate the remainder when (-4486)/(-11) + 762/889 + 52/(-77) is divided by 184.
40
Suppose -5826 = -169*a + 3190 + 1124. What is the remainder when 3485 is divided by a?
5
Let g be (-42)/(-54) + -1 + (-870)/(-27). Suppose 17*h - 478 = g. Suppose -142 = -2*z - 3*b, -z + 3*b = -43 - 37. What is the remainder when z is divided by h?
14
Let u(a) = a**2 + 2*a - 5. Let g be u(-4). Suppose -x - g = -35. Calculate the remainder when (45/90)/(3*3/2178) is divided by x.
25
Suppose -l + 4*l - 2*f = 0, 5*f = 4*l. Suppose 3*o + l*o - 57 = 0. Suppose -3*r - z + o = 0, 3*r - 3*z = -0 + 27. What is the remainder when 33 is divided by r?
5
Let t = 100 + -98. Suppose y + y - 4*j = 24, -2*y - t*j = -24. Calculate the remainder when 70 is divided by y.
10
Suppose -46 = -11*a + 306. What is the remainder when (-895)/(-20) - 2 - 9/12 is divided by a?
10
Let o(t) = -6676*t**3 + 12 + 6670*t**3 + 0*t + 9*t. Calculate the remainder when 152 is divided by o(-2).
26
Let n = -491 + 494. Suppose n*q - 189 = -3*a, 30*q - 2*a = 25*q + 350. What is the remainder when 144 is divided by q?
8
Let n(u) = -u**2 + 6*u + 70. Suppose 474 = 7*h + 82. What is the remainder when h is divided by n(-5)?
11
Let c be ((-15)/10)/(2/(-4)) + -5. Let a(v) = 4*v - 6. Let q be a(c). What is the remainder when (-1474)/q + 2/(-7) is divided by 27?
24
Suppose -237*j - 233*j = -466*j - 140. What is the remainder when 554 is divided by j?
29
Let j = -14816 - -26494. What is the remainder when j is divided by 32?
30
Suppose -74*g + 72 = -65 - 159. What is the remainder when 3614 is divided by g?
2
Let l(u) = 5*u**2 + 33*u + 33. Let x = 32 + 54. Calculate the remainder when x is divided by l(-6).
11
Suppose 4*h + 9*h - 294 = 6*h. What is the remainder when h is divided by 12?
6
Suppose 2*z - 3*v - 2593 = 0, -5*z + 7*z - v = 2587. Calculate the remainder when z is divided by 52.
44
Suppose -2620 = -4*d - 4*a, 20*d + a = 15*d + 3271. Calculate the remainder when d is divided by 9.
6
Suppose 2*y - 47*h + 46*h = -877, 4*y = 4*h - 1764. Let k = y - -502. Suppose -3*u + 4*u - 34 = 0. What is the remainder when k is divided by u?
32
Suppose -44*f + 237 = -555. What is the remainder when 285 is divided by f?
15
Let u = -24332 - -24614. Calculate the remainder when u is divided by 59.
46
Suppose 5*w - 3*g - 71 = 4*w, -265 = -5*w - 3*g. Calculate the remainder when 565 is divided by w.
5
Calculate the remainder when 680 is divided by (2*4/(8/(-3)))/((-30)/3390).
2
Suppose -d = 1039*u - 1034*u - 407, -1728 = -4*d + 5*u. Calculate the remainder when d is divided by 131.
34
Suppose 0 = -3*j - 15, -3*g - 2*j - 3*j - 16 = 0. Suppose -4*n = -5*r + 13, 3*r - r - 10 = 0. Calculate the remainder when n is divided by g.
0
Let d(i) = -6*i - 19. Suppose -5*j - 3*j = -6*j - 32. What is the remainder when d(-10) is divided by j?
9
Suppose -5*y = 2*l + 51, 2*l + 4*y + 53 = 1. Let z = l + 33. Suppose z*m + 0*m = 10. Calculate the remainder when 17 is divided by m.
1
Let y = 3019 - 2942. What is the remainder when y is divided by 35?
7
Let n(y) = 10*y**2 + 13*y - 6. Let h be n(-6). Let w = h - 255. What is the remainder when 58 is divided by w?
16
Suppose 3492 = -36*s + 12492. Calculate the remainder when 712 is divided by s.
212
Let h be (5/15*-1)/(5/(-210)). Suppose h = 183*i - 182*i. Calculate the remainder when 52 is divided by i.
10
Suppose 64*x = -44*x + 40284. Calculate the remainder when x is divided by 117.
22
Let s(x) = -x**3 - 39*x**2 + 68*x + 636. Calculate the remainder when s(-46) is divided by 316.
312
Suppose 313*i - 5*d - 90 = 310*i, -76 = -5*i - 4*d. What is the remainder when 8459 is divided by i?
19
Let c(l) be the second derivative of 0 + 1/12*l**4 + 2/3*l**3 - 3*l**2 + 5*l. What is the remainder when c(6) is divided by 19?
16
Suppose 14*f - 72358 = 3*f - 35*f. What is the remainder when f is divided by 15?
13
Let v = 5319 + -5252. What is the remainder when v is divided by 60?
7
Suppose 3*s = -r - 75, -5*r + 5*s - 347 = 8. Let a = 102 + r. What is the remainder when 52 is divided by a?
22
Let r(c) be the second derivative of -c**3/6 + c. Let t(o) = 56*o**2 + 504*o - 8. Let x be t(-9). Calculate the remainder when 29 is divided by r(x).
5
Let b(n) = -3*n**3 + 2*n**2 + 27*n + 166. What is the remainder when b(-5) is divided by 161?
134
Let c(b) = 15*b + 215. Calculate the remainder when c(8) is divided by 331.
4
Let j(v) = 15*v**3 - 77*v**2 - 34*v + 11. Calculate the remainder when 3034 is divided by j(6).
9
Let k = 127 + 59. Let n = k - 183. Calculate the remainder when 43 is divided by n.
1
Let l = 3 - -21. What is the remainder when l is divided by -6*(10/(-3) + (-55 - -58))?
0
Let k(f) = -3*f + 0*f - 8*f + 2*f + 14. Let z(x) = 2*x**3 - 7*x**2 + 2*x - 6. Let a be z(3). Calculate the remainder when k(a) is divided by 14.
11
Let m(y) = y - 25. Let o be m(27). Suppose -5*t + 15 = 5*g, 0*g + 15 = 5*t + o*g. Suppose 2*x - t*x = -16. Calculate the remainder when 57 is divided by x.
9
Suppose 0*i - 4*i = -64. Let f(h) = h - 4. Let o be f(i). Let l = 126 - o. What is the remainder when l is divided by 23?
22
Let w be ((2 - 0) + -5)*(-18)/(-54). Calculate the remainder when (-2 + w)*(-21 - -4) is divided by 20.
11
Let a be 6 + (-1)/2*6. What is the remainder when 6 is divided by 2/a - 8/(-6)?
0
Let z = 10 + -28. Let x be (-148)/z + (-8)/36. What is the remainder when ((-4)/(x/21))/((-14)/84) is divided by 16?
15
Suppose 2*m + 5 = 3, -m = -5*c + 111. What is the remainder when 600/(-70)*140/(-30) is divided by c?
18
Suppose -4*b + 7 + 9 = 0. Suppose -8*q + 16 = -b*q. Suppose -2*x = 2, -5*x = -q*j + j + 68. What is the remainder when 60 is divided by j?
18
What is the remainder when (2407/(-332))/(2/(-80)) is divided by 1